se 5) to base 2
111110000011010100000001
20bc1 (base 13) to base 11
40482
Convert 60458 (base 14) to base 16.
387be
What is -5a05 (base 14) in base 5?
-1000220
What is -17391a (base 11) in base 4?
-1001211201
What is 46447 (base 11) in base 8?
203015
-3300152 (base 6) to base 4
-213320210
What is 67a519 (base 12) in base 6?
55255233
What is 20330510 (base 7) in base 9?
3177682
Convert -27716131 (base 8) to base 12.
-2122161
What is -1001100111101010011 (base 2) in base 15?
-635e9
-5d0cfd (base 16) to base 11
-3495714
Convert -27c2 (base 13) to base 10.
-5735
What is -744c (base 16) in base 11?
-20406
-2211022100121 (base 3) to base 12
-605267
Convert 1020112201100001 (base 3) to base 10.
17827210
What is -214201 (base 5) in base 14?
-29c6
Convert 110120200221 (base 3) to base 14.
6636a
What is 1009380 (base 10) in base 15?
14e120
What is 1025350 (base 8) in base 2?
1000010101011101000
Convert -157d43 (base 16) to base 6.
-50104003
-101415146 (base 7) to base 14
-b0dacd
Convert -10000112111 (base 3) to base 15.
-1292a
What is 760834 (base 10) in base 12?
30836a
What is 567025 (base 9) in base 2?
1010010111100011001
Convert -506764 (base 11) to base 10.
-814158
What is 313db9 (base 14) in base 8?
6257557
Convert -10010111011101000 (base 2) to base 7.
-442035
Convert -10252100 (base 6) to base 15.
-5e926
What is -10020111222 (base 3) in base 11?
-43a30
-189084 (base 10) to base 4
-232022130
What is -458824 (base 10) in base 6?
-13500104
Convert 220010100112 (base 3) to base 10.
474836
-1102002001201 (base 3) to base 2
-10110110111110010010
What is 5514a6 (base 12) in base 13?
38379c
1001000000010101000111 (base 2) to base 12
95a147
What is -24114 (base 14) in base 2?
-10101011111010110
Convert -10bbb27 (base 16) to base 6.
-1424023331
What is 3b1998 (base 14) in base 4?
13302031302
-1952234 (base 10) to base 8
-7344752
What is -22001211211 (base 3) in base 10?
-158809
2602431 (base 7) to base 5
41241134
Convert -1751435 (base 8) to base 11.
-3202aa
9133 (base 15) to base 9
46033
Convert -3140066 (base 8) to base 4.
-3030000312
Convert -24db (base 16) to base 7.
-36336
-23653655 (base 7) to base 16
-2042c3
27791 (base 12) to base 16
d59d
What is 5309 (base 12) in base 5?
242311
What is -2094187 (base 12) in base 13?
-137b597
144140350 (base 7) to base 6
540453254
What is 682908 (base 10) in base 15?
d7523
-96304 (base 10) to base 9
-156084
-11122011100110 (base 3) to base 10
-2463546
Convert -28246 (base 11) to base 15.
-bdb7
32132343 (base 5) to base 10
270973
-34d9d (base 15) to base 10
-168448
What is -13000110 (base 5) in base 8?
-364146
What is -462471 (base 8) in base 7?
-1222453
What is 65621 (base 10) in base 13?
23b3a
What is 333112 (base 5) in base 16?
2d89
Convert 21698 (base 12) to base 10.
44180
Convert -410246 (base 8) to base 11.
-92751
Convert 414034 (base 7) to base 4.
101111302
Convert 14411302 (base 5) to base 6.
3144424
Convert 180116 (base 10) to base 7.
1350056
What is -3813548 (base 9) in base 6?
-112254412
What is -325600 (base 7) in base 4?
-31332100
What is 2512333 (base 8) in base 14?
140a15
Convert 2756447 (base 8) to base 3.
1110111112201
Convert -2545067 (base 8) to base 11.
-443303
Convert 681d6 (base 14) to base 4.
331232200
Convert -6eccaf (base 16) to base 4.
-123230302233
Convert 111020122110121 (base 3) to base 13.
15c622c
Convert 11400413 (base 6) to base 7.
3020202
Convert 97a1a (base 11) to base 4.
202233231
Convert -202715 (base 9) to base 7.
-1010153
Convert -167739 (base 16) to base 2.
-101100111011100111001
What is 313100102 (base 4) in base 12?
aab82
What is 10619 (base 13) in base 15?
8b82
Convert -227811 (base 10) to base 9.
-376443
Convert 432343 (base 8) to base 15.
2ccab
What is -5b379c (base 13) in base 10?
-2178539
Convert 1b05883 (base 13) to base 10.
8923476
What is 504ab9 (base 16) in base 9?
10810106
-202102212012010 (base 3) to base 14
-162a782
Convert 5599 (base 13) to base 15.
3821
Convert -2421766 (base 8) to base 11.
-414331
Convert -10010101010000101 (base 2) to base 9.
-125742
1b8a (base 12) to base 13
172c
Convert -67804 (base 10) to base 12.
-332a4
Convert 18851a1 (base 12) to base 8.
23515311
230144334 (base 5) to base 6
33522432
Convert 100001001010101 (base 2) to base 7.
100336
164626 (base 7) to base 8
100203
1100100001100010111 (base 2) to base 8
1441427
Convert 1515250 (base 7) to base 3.
101110111011
-1263427 (base 11) to base 10
-2186015
1068082 (base 14) to base 13
17c61bc
What is -110101010111110100 (base 2) in base 4?
-311113310
Convert 2b38a76 (base 12) to base 7.
134454102
-1d12155 (base 14) to base 16
-de402f
17a454 (base 15) to base 2
100011000011000111111
What is -1236131 (base 8) in base 13?
-c0247
Convert 1213232133 (base 5) to base 12.
b63729
What is 171440 (base 10) in base 8?
516660
What is -31ccae (base 15) in base 9?
-4414832
-3762070 (base 9) to base 2
-111110100001000101001
What is -17024 (base 13) in base 11?
-30043
Convert 8dd28 (base 16) to base 10.
580904
355214321 (base 6) to base 5
3203032031
95137 (base 15) to base 6
14044441
101000111010100101 (base 2) to base 12
80b99
44444444 (base 6) to base 2
101001000000011001100
Convert 317774 (base 8) to base 5.
11401432
Convert -db32 (base 16) to base 14.
-16642
Convert 2000011000221 (base 3) to base 6.
34502211
19f99 (base 16) to base 2
11001111110011001
What is -2504151 (base 7) in base 13?
-b3022
-373056 (base 9) to base 8
-670040
What is -12403244 (base 5) in base 2?
-11101110111010100
-298514b (base 12) to base 6
-455424535
-979998 (base 16) to base 4
-211321212120
4290920 (base 11) to base 3
112012010121200
38313277 (base 9) to base 14
26d05b4
Convert db9098 (base 14) to base 3.
111222221112220
What is 14058 (base 14) in base 9?
74766
Convert 23a23 (base 11) to base 7.
202420
-4407201 (base 10) to base 14
-82a1a1
1239578 (base 15) to base 3
220122012000212
What is 3092476 (base 10) in base 3?
12211010002011
Convert -258d8c (base 14) to base 13.
-363309
What is 106b8b0 (base 14) in base 4?
131232111002
-797837 (base 10) to base 5
-201012322
1624752 (base 9) to base 5
212334022
-37acb (base 16) to base 4
-313223023
-e6974 (base 16) to base 13
-270b9b
What is -2f3301 (base 16) in base 6?
-150144333
What is -44324 (base 12) in base 9?
-146801
Convert -23011201 (base 4) to base 6.
-550121
What is 133311020 (base 4) in base 3?
20121211202
What is -22222212112022 (base 3) in base 12?
-172655b
What is -45412 (base 8) in base 15?
-5a5a
What is 363808 (base 10) in base 13?
c9793
What is 1600024 (base 7) in base 15?
44b24
1000120212 (base 4) to base 10
263718
Convert -20502237 (base 8) to base 2.
-10000101000010010011111
2110301304 (base 5) to base 9
8222454
What is 215399 (base 10) in base 5?
23343044
Convert -3516423 (base 7) to base 12.
-193706
What is 454784 (base 11) in base 10?
723672
2a905 (base 12) to base 6
1142005
Convert 246532 (base 13) to base 4.
3110213302
What is -6c981b (base 16) in base 12?
-247264b
11001100001110001110100 (base 2) to base 8
31416164
What is 3616454 (base 7) in base 3?
212021220212
5778bb (base 14) to base 10
2978973
What is -c49d95 (base 14) in base 7?
-110252545
What is -57c295 (base 15) in base 7?
-50430365
-1110111000010111011110 (base 2) to base 4
-32320113132
-1043321130 (base 5) to base 11
-1347582
Convert -74458 (base 10) to base 2.
-10010001011011010
Convert -1001111010111110001101 (base 2) to base 7.
-31051432
What is -1022020220300 (base 4) in base 7?
-324120662
What is 3531458 (base 9) in base 2?
111010010011001010101
Convert 372188 (base 9) to base 3.
102102012222
Convert -100013322133 (base 4) to base 3.
-21221201222011
2203312201 (base 4) to base 10
671137
Convert -2445044 (base 9) to base 8.
-5043557
Convert 3452544 (base 7) to base 3.
211000011100
11000111111010000100 (base 2) to base 6
25314500
Convert -12346421 (base 7) to base 5.
-241334020
What is 38a680 (base 13) in base 7?
14414630
Convert 1360370 (base 8) to base 4.
1132003320
What is d7a70 (base 16) in base 9?
1585607
Convert 350416 (base 15) to base 5.
1122012141
What is 27602535 (base 8) in base 4?
113300111131
20121220212 (base 3) to base 9
217825
Convert 4204431203 (base 5) to base 12.
2aa19ab
20331543 (base 6) to base 2
10001111011011110111
What is -3121302 (base 6) in base 2?
-100100110010000110
9